{"id":1027,"date":"2020-06-13T12:16:14","date_gmt":"2020-06-13T12:16:14","guid":{"rendered":"http:\/\/vecchiosrl.com.ar\/index\/?page_id=1027"},"modified":"2020-09-27T02:19:02","modified_gmt":"2020-09-27T02:19:02","slug":"equipos-de-bombeo","status":"publish","type":"page","link":"https:\/\/vecchiosrl.com.ar\/index\/hormigon\/equipos-de-bombeo\/","title":{"rendered":"Equipos de Bombeo"},"content":{"rendered":"\n<p>El bombeo del&nbsp; Hormig\u00f3n Elaborado es necesario cuando el mismo debe ser vertido en estructuras de altura, para alcanzar grandes longitudes horizontales, o para cualquier posici\u00f3n de dif\u00edcil alcance.<\/p>\n\n\n\n<figure class=\"wp-block-gallery columns-2 is-cropped wp-block-gallery-1 is-layout-flex wp-block-gallery-is-layout-flex\"><ul class=\"blocks-gallery-grid\"><li class=\"blocks-gallery-item\"><figure><img loading=\"lazy\" decoding=\"async\" width=\"1024\" height=\"768\" src=\"http:\/\/vecchiosrl.com.ar\/index\/wp-content\/uploads\/2020\/06\/6525.jpg\" alt=\"\" data-id=\"1030\" data-link=\"http:\/\/vecchiosrl.com.ar\/index\/equipos-de-bombeo\/attachment\/6525\/\" class=\"wp-image-1030\" srcset=\"https:\/\/vecchiosrl.com.ar\/index\/wp-content\/uploads\/2020\/06\/6525.jpg 1024w, https:\/\/vecchiosrl.com.ar\/index\/wp-content\/uploads\/2020\/06\/6525-300x225.jpg 300w, https:\/\/vecchiosrl.com.ar\/index\/wp-content\/uploads\/2020\/06\/6525-768x576.jpg 768w\" sizes=\"auto, (max-width: 1024px) 100vw, 1024px\" \/><\/figure><\/li><li class=\"blocks-gallery-item\"><figure><img loading=\"lazy\" decoding=\"async\" width=\"768\" height=\"1024\" src=\"http:\/\/vecchiosrl.com.ar\/index\/wp-content\/uploads\/2020\/06\/515-768x1024.jpg\" alt=\"\" data-id=\"1031\" data-link=\"http:\/\/vecchiosrl.com.ar\/index\/equipos-de-bombeo\/attachment\/515\/\" class=\"wp-image-1031\" srcset=\"https:\/\/vecchiosrl.com.ar\/index\/wp-content\/uploads\/2020\/06\/515-768x1024.jpg 768w, https:\/\/vecchiosrl.com.ar\/index\/wp-content\/uploads\/2020\/06\/515-225x300.jpg 225w, https:\/\/vecchiosrl.com.ar\/index\/wp-content\/uploads\/2020\/06\/515-1152x1536.jpg 1152w, https:\/\/vecchiosrl.com.ar\/index\/wp-content\/uploads\/2020\/06\/515-1536x2048.jpg 1536w, https:\/\/vecchiosrl.com.ar\/index\/wp-content\/uploads\/2020\/06\/515-scaled.jpg 1920w\" sizes=\"auto, (max-width: 768px) 100vw, 768px\" \/><\/figure><\/li><\/ul><\/figure>\n\n\n\n<p>En VECCHIO S.R.L. contamos con 2 bombas telesc\u00f3picas con un alcance de 28 y 29 metros c\/u, para la elevaci\u00f3n del hormig\u00f3n en grandes cantidades. Y tambi\u00e9n contamos con dos bombas de arrastre con mayor potencia.<\/p>\n\n\n\n<p>Las mismas constan de una tolva en la parte posterior del cami\u00f3n bomba, en donde el cami\u00f3n mezclador (mixer) vierte el Hormig\u00f3n Elaborado, que por medio de un sistema de bombeo es impulsado a trav\u00e9s de tuber\u00edas para poder as\u00ed llegar a la estructura o sitio de aplicaci\u00f3n deseado.<\/p>\n\n\n\n<p>Su elevado rendimiento, de entre 90 a 200 m3\/hs. Permite dar continuidad al hormigonado y evita las interrupciones en su colocaci\u00f3n, bajando el costo en mano de obra y los tiempos para lograr una mayor rentabilidad.<\/p>\n\n\n\n<figure class=\"wp-block-gallery columns-2 is-cropped wp-block-gallery-2 is-layout-flex wp-block-gallery-is-layout-flex\"><ul class=\"blocks-gallery-grid\"><li class=\"blocks-gallery-item\"><figure><img loading=\"lazy\" decoding=\"async\" width=\"1024\" height=\"768\" src=\"http:\/\/vecchiosrl.com.ar\/index\/wp-content\/uploads\/2020\/06\/2015-04-28-14.43.13-1024x768.jpg\" alt=\"\" data-id=\"1033\" data-link=\"http:\/\/vecchiosrl.com.ar\/index\/equipos-de-bombeo\/2015-04-28-14-43-13\/\" class=\"wp-image-1033\" srcset=\"https:\/\/vecchiosrl.com.ar\/index\/wp-content\/uploads\/2020\/06\/2015-04-28-14.43.13-1024x768.jpg 1024w, https:\/\/vecchiosrl.com.ar\/index\/wp-content\/uploads\/2020\/06\/2015-04-28-14.43.13-300x225.jpg 300w, https:\/\/vecchiosrl.com.ar\/index\/wp-content\/uploads\/2020\/06\/2015-04-28-14.43.13-768x576.jpg 768w, https:\/\/vecchiosrl.com.ar\/index\/wp-content\/uploads\/2020\/06\/2015-04-28-14.43.13-1536x1152.jpg 1536w, https:\/\/vecchiosrl.com.ar\/index\/wp-content\/uploads\/2020\/06\/2015-04-28-14.43.13-2048x1536.jpg 2048w\" sizes=\"auto, (max-width: 1024px) 100vw, 1024px\" \/><\/figure><\/li><li class=\"blocks-gallery-item\"><figure><img loading=\"lazy\" decoding=\"async\" width=\"1024\" height=\"690\" src=\"http:\/\/vecchiosrl.com.ar\/index\/wp-content\/uploads\/2020\/06\/2-1024x690.jpg\" alt=\"\" data-id=\"1034\" data-link=\"http:\/\/vecchiosrl.com.ar\/index\/equipos-de-bombeo\/attachment\/2\/\" class=\"wp-image-1034\" srcset=\"https:\/\/vecchiosrl.com.ar\/index\/wp-content\/uploads\/2020\/06\/2-1024x690.jpg 1024w, https:\/\/vecchiosrl.com.ar\/index\/wp-content\/uploads\/2020\/06\/2-300x202.jpg 300w, https:\/\/vecchiosrl.com.ar\/index\/wp-content\/uploads\/2020\/06\/2-768x518.jpg 768w, https:\/\/vecchiosrl.com.ar\/index\/wp-content\/uploads\/2020\/06\/2-1536x1035.jpg 1536w, https:\/\/vecchiosrl.com.ar\/index\/wp-content\/uploads\/2020\/06\/2-2048x1381.jpg 2048w, https:\/\/vecchiosrl.com.ar\/index\/wp-content\/uploads\/2020\/06\/2-272x182.jpg 272w\" sizes=\"auto, (max-width: 1024px) 100vw, 1024px\" \/><\/figure><\/li><li class=\"blocks-gallery-item\"><figure><img loading=\"lazy\" decoding=\"async\" width=\"1024\" height=\"490\" src=\"http:\/\/vecchiosrl.com.ar\/index\/wp-content\/uploads\/2020\/06\/PANO_20190815_123752-1024x490.jpg\" alt=\"\" data-id=\"1036\" data-link=\"http:\/\/vecchiosrl.com.ar\/index\/equipos-de-bombeo\/pano_20190815_123752\/\" class=\"wp-image-1036\" srcset=\"https:\/\/vecchiosrl.com.ar\/index\/wp-content\/uploads\/2020\/06\/PANO_20190815_123752-1024x490.jpg 1024w, https:\/\/vecchiosrl.com.ar\/index\/wp-content\/uploads\/2020\/06\/PANO_20190815_123752-300x144.jpg 300w, https:\/\/vecchiosrl.com.ar\/index\/wp-content\/uploads\/2020\/06\/PANO_20190815_123752-768x368.jpg 768w, https:\/\/vecchiosrl.com.ar\/index\/wp-content\/uploads\/2020\/06\/PANO_20190815_123752-1536x735.jpg 1536w, https:\/\/vecchiosrl.com.ar\/index\/wp-content\/uploads\/2020\/06\/PANO_20190815_123752-2048x980.jpg 2048w\" sizes=\"auto, (max-width: 1024px) 100vw, 1024px\" \/><\/figure><\/li><li class=\"blocks-gallery-item\"><figure><img loading=\"lazy\" decoding=\"async\" width=\"1024\" height=\"576\" src=\"http:\/\/vecchiosrl.com.ar\/index\/wp-content\/uploads\/2020\/06\/IMG_20190815_123845-1024x576.jpg\" alt=\"\" data-id=\"1037\" data-link=\"http:\/\/vecchiosrl.com.ar\/index\/equipos-de-bombeo\/img_20190815_123845\/\" class=\"wp-image-1037\" srcset=\"https:\/\/vecchiosrl.com.ar\/index\/wp-content\/uploads\/2020\/06\/IMG_20190815_123845-1024x576.jpg 1024w, https:\/\/vecchiosrl.com.ar\/index\/wp-content\/uploads\/2020\/06\/IMG_20190815_123845-300x169.jpg 300w, https:\/\/vecchiosrl.com.ar\/index\/wp-content\/uploads\/2020\/06\/IMG_20190815_123845-768x432.jpg 768w, https:\/\/vecchiosrl.com.ar\/index\/wp-content\/uploads\/2020\/06\/IMG_20190815_123845-1536x864.jpg 1536w, https:\/\/vecchiosrl.com.ar\/index\/wp-content\/uploads\/2020\/06\/IMG_20190815_123845-2048x1152.jpg 2048w\" sizes=\"auto, (max-width: 1024px) 100vw, 1024px\" \/><\/figure><\/li><li class=\"blocks-gallery-item\"><figure><img loading=\"lazy\" decoding=\"async\" width=\"1024\" height=\"768\" src=\"http:\/\/vecchiosrl.com.ar\/index\/wp-content\/uploads\/2020\/06\/IMG-20191003-WA0010.jpg\" alt=\"\" data-id=\"1038\" data-link=\"http:\/\/vecchiosrl.com.ar\/index\/equipos-de-bombeo\/img-20191003-wa0010\/\" class=\"wp-image-1038\" srcset=\"https:\/\/vecchiosrl.com.ar\/index\/wp-content\/uploads\/2020\/06\/IMG-20191003-WA0010.jpg 1024w, https:\/\/vecchiosrl.com.ar\/index\/wp-content\/uploads\/2020\/06\/IMG-20191003-WA0010-300x225.jpg 300w, https:\/\/vecchiosrl.com.ar\/index\/wp-content\/uploads\/2020\/06\/IMG-20191003-WA0010-768x576.jpg 768w\" sizes=\"auto, (max-width: 1024px) 100vw, 1024px\" \/><\/figure><\/li><li class=\"blocks-gallery-item\"><figure><img loading=\"lazy\" decoding=\"async\" width=\"1024\" height=\"752\" src=\"http:\/\/vecchiosrl.com.ar\/index\/wp-content\/uploads\/2020\/09\/DJI_0818-Bis-1024x752.jpg\" alt=\"\" data-id=\"1128\" data-full-url=\"http:\/\/vecchiosrl.com.ar\/index\/wp-content\/uploads\/2020\/09\/DJI_0818-Bis-scaled.jpg\" data-link=\"http:\/\/vecchiosrl.com.ar\/index\/hormigon\/equipos-de-bombeo\/dji_0818-bis\/\" class=\"wp-image-1128\" srcset=\"https:\/\/vecchiosrl.com.ar\/index\/wp-content\/uploads\/2020\/09\/DJI_0818-Bis-1024x752.jpg 1024w, https:\/\/vecchiosrl.com.ar\/index\/wp-content\/uploads\/2020\/09\/DJI_0818-Bis-300x220.jpg 300w, https:\/\/vecchiosrl.com.ar\/index\/wp-content\/uploads\/2020\/09\/DJI_0818-Bis-768x564.jpg 768w, https:\/\/vecchiosrl.com.ar\/index\/wp-content\/uploads\/2020\/09\/DJI_0818-Bis-1536x1128.jpg 1536w, https:\/\/vecchiosrl.com.ar\/index\/wp-content\/uploads\/2020\/09\/DJI_0818-Bis-2048x1504.jpg 2048w\" sizes=\"auto, (max-width: 1024px) 100vw, 1024px\" \/><\/figure><\/li><\/ul><\/figure>\n\n\n\n<p>Para trabajos de menor volumen y altura contamos con una hidrogr\u00faa con batea con una capacidad de 0.5 m3. En la cual se vierte el material, el mismo es elevado y por medio de un sistema de apertura es colocado en obra. &nbsp;<\/p>\n","protected":false},"excerpt":{"rendered":"<p>El bombeo del&nbsp; Hormig\u00f3n Elaborado es necesario cuando el mismo debe ser vertido en estructuras de altura, para alcanzar grandes longitudes horizontales, o para cualquier posici\u00f3n de dif\u00edcil alcance. En VECCHIO S.R.L. contamos con 2 bombas telesc\u00f3picas con un alcance de 28 y 29 metros c\/u, para la elevaci\u00f3n del hormig\u00f3n en grandes cantidades. Y [&hellip;]<\/p>\n","protected":false},"author":2,"featured_media":0,"parent":90,"menu_order":0,"comment_status":"closed","ping_status":"closed","template":"","meta":{"_joinchat":[],"footnotes":""},"class_list":["post-1027","page","type-page","status-publish","hentry"],"_links":{"self":[{"href":"https:\/\/vecchiosrl.com.ar\/index\/wp-json\/wp\/v2\/pages\/1027","targetHints":{"allow":["GET"]}}],"collection":[{"href":"https:\/\/vecchiosrl.com.ar\/index\/wp-json\/wp\/v2\/pages"}],"about":[{"href":"https:\/\/vecchiosrl.com.ar\/index\/wp-json\/wp\/v2\/types\/page"}],"author":[{"embeddable":true,"href":"https:\/\/vecchiosrl.com.ar\/index\/wp-json\/wp\/v2\/users\/2"}],"replies":[{"embeddable":true,"href":"https:\/\/vecchiosrl.com.ar\/index\/wp-json\/wp\/v2\/comments?post=1027"}],"version-history":[{"count":3,"href":"https:\/\/vecchiosrl.com.ar\/index\/wp-json\/wp\/v2\/pages\/1027\/revisions"}],"predecessor-version":[{"id":1130,"href":"https:\/\/vecchiosrl.com.ar\/index\/wp-json\/wp\/v2\/pages\/1027\/revisions\/1130"}],"up":[{"embeddable":true,"href":"https:\/\/vecchiosrl.com.ar\/index\/wp-json\/wp\/v2\/pages\/90"}],"wp:attachment":[{"href":"https:\/\/vecchiosrl.com.ar\/index\/wp-json\/wp\/v2\/media?parent=1027"}],"curies":[{"name":"wp","href":"https:\/\/api.w.org\/{rel}","templated":true}]}}