{"id":655,"date":"2019-09-27T02:04:23","date_gmt":"2019-09-27T02:04:23","guid":{"rendered":"http:\/\/vecchiosrl.com.ar\/index\/?page_id=655"},"modified":"2020-09-21T22:52:58","modified_gmt":"2020-09-21T22:52:58","slug":"obras-ejecutadas","status":"publish","type":"page","link":"https:\/\/vecchiosrl.com.ar\/index\/obras-en-general\/obras-ejecutadas\/","title":{"rendered":"Obras ejecutadas"},"content":{"rendered":"<style>.wp-show-posts-columns#wpsp-657 {margin-left: -2em; }.wp-show-posts-columns#wpsp-657 .wp-show-posts-inner {margin: 0 0 2em 2em; }<\/style><section id=\"wpsp-657\" class=\" wp-show-posts-columns wp-show-posts\" style=\"\"><article class=\" wp-show-posts-single post-674 post type-post status-publish format-standard has-post-thumbnail hentry category-obras-ejecutadas wpsp-col-4\" itemtype=\"http:\/\/schema.org\/CreativeWork\" itemscope><div class=\"wp-show-posts-inner\" style=\"\">\t\t\t\t\t\t<header class=\"wp-show-posts-entry-header\">\n\t\t\t\t\t\t\t<h2 class=\"wp-show-posts-entry-title\" itemprop=\"headline\"><a href=\"https:\/\/vecchiosrl.com.ar\/index\/represa-salto-grande-canalizacion\/\" rel=\"bookmark\">Represa Salto Grande<\/a><\/h2>\t\t\t\t\t\t<\/header><!-- .entry-header -->\n\t\t\t\t\t\t\t<div class=\"wp-show-posts-image  wpsp-image-left \">\n\t\t\t<a href=\"https:\/\/vecchiosrl.com.ar\/index\/represa-salto-grande-canalizacion\/\"  title=\"Represa Salto Grande\"><img loading=\"lazy\" decoding=\"async\" width=\"2309\" height=\"1732\" src=\"https:\/\/vecchiosrl.com.ar\/index\/wp-content\/uploads\/2019\/10\/IMG_20180404_153031725.jpg\" class=\"attachment-full size-full wp-post-image\" alt=\"\" itemprop=\"image\" srcset=\"https:\/\/vecchiosrl.com.ar\/index\/wp-content\/uploads\/2019\/10\/IMG_20180404_153031725.jpg 2309w, https:\/\/vecchiosrl.com.ar\/index\/wp-content\/uploads\/2019\/10\/IMG_20180404_153031725-300x225.jpg 300w, https:\/\/vecchiosrl.com.ar\/index\/wp-content\/uploads\/2019\/10\/IMG_20180404_153031725-768x576.jpg 768w, https:\/\/vecchiosrl.com.ar\/index\/wp-content\/uploads\/2019\/10\/IMG_20180404_153031725-1024x768.jpg 1024w\" sizes=\"auto, (max-width: 2309px) 100vw, 2309px\" \/><\/a>\t\t<\/div>\n\t\t\t\t\t\t\t\t<div class=\"wp-show-posts-entry-summary\" itemprop=\"text\">\n\t\t\t\t\t\t\t<p>Dicha obra se encuentra al pie de la Represa Hidroel\u00e9ctrica de Salto Grande, aguas abajo del embalse, en el margen derecho del Rio Uruguay (Rep\u00fablica Argentina), entre la esclusa de&#8230;<\/p>\n\t\t\t\t\t\t<\/div><!-- .entry-summary -->\n\t\t\t\t\t<div class=\"wpsp-read-more\"><a title=\"Represa Salto Grande\" class=\"Leer m\u00e1s\" href=\"https:\/\/vecchiosrl.com.ar\/index\/represa-salto-grande-canalizacion\/\">Leer m\u00e1s<\/a><\/div><\/div><!-- wp-show-posts-inner --><\/article><article class=\" wp-show-posts-single post-748 post type-post status-publish format-standard has-post-thumbnail hentry category-obras-ejecutadas wpsp-col-4\" itemtype=\"http:\/\/schema.org\/CreativeWork\" itemscope><div class=\"wp-show-posts-inner\" style=\"\">\t\t\t\t\t\t<header class=\"wp-show-posts-entry-header\">\n\t\t\t\t\t\t\t<h2 class=\"wp-show-posts-entry-title\" itemprop=\"headline\"><a href=\"https:\/\/vecchiosrl.com.ar\/index\/resinas-concordia\/\" rel=\"bookmark\">Resinas Concordia<\/a><\/h2>\t\t\t\t\t\t<\/header><!-- .entry-header -->\n\t\t\t\t\t\t\t<div class=\"wp-show-posts-image  wpsp-image-left \">\n\t\t\t<a href=\"https:\/\/vecchiosrl.com.ar\/index\/resinas-concordia\/\"  title=\"Resinas Concordia\"><img loading=\"lazy\" decoding=\"async\" width=\"3172\" height=\"1990\" src=\"https:\/\/vecchiosrl.com.ar\/index\/wp-content\/uploads\/2019\/11\/20190411_181417.jpg\" class=\"attachment-full size-full wp-post-image\" alt=\"\" itemprop=\"image\" srcset=\"https:\/\/vecchiosrl.com.ar\/index\/wp-content\/uploads\/2019\/11\/20190411_181417.jpg 3172w, https:\/\/vecchiosrl.com.ar\/index\/wp-content\/uploads\/2019\/11\/20190411_181417-300x188.jpg 300w, https:\/\/vecchiosrl.com.ar\/index\/wp-content\/uploads\/2019\/11\/20190411_181417-768x482.jpg 768w, https:\/\/vecchiosrl.com.ar\/index\/wp-content\/uploads\/2019\/11\/20190411_181417-1024x642.jpg 1024w\" sizes=\"auto, (max-width: 3172px) 100vw, 3172px\" \/><\/a>\t\t<\/div>\n\t\t\t\t\t\t\t\t<div class=\"wp-show-posts-entry-summary\" itemprop=\"text\">\n\t\t\t\t\t\t\t<p>Resinas es una empresa perteneciente a la industria qu\u00edmica, que produce resinas para la industria maderera y productos qu\u00edmicos. Tiene sus instalaciones en el Parque Industrial de la Ciudad de&#8230;<\/p>\n\t\t\t\t\t\t<\/div><!-- .entry-summary -->\n\t\t\t\t\t<div class=\"wpsp-read-more\"><a title=\"Resinas Concordia\" class=\"Leer m\u00e1s\" href=\"https:\/\/vecchiosrl.com.ar\/index\/resinas-concordia\/\">Leer m\u00e1s<\/a><\/div><\/div><!-- wp-show-posts-inner --><\/article><article class=\" wp-show-posts-single post-789 post type-post status-publish format-standard has-post-thumbnail hentry category-obras-ejecutadas wpsp-col-4\" itemtype=\"http:\/\/schema.org\/CreativeWork\" itemscope><div class=\"wp-show-posts-inner\" style=\"\">\t\t\t\t\t\t<header class=\"wp-show-posts-entry-header\">\n\t\t\t\t\t\t\t<h2 class=\"wp-show-posts-entry-title\" itemprop=\"headline\"><a href=\"https:\/\/vecchiosrl.com.ar\/index\/electrificacion-rural-el-redomon\/\" rel=\"bookmark\">El Redom\u00f3n<\/a><\/h2>\t\t\t\t\t\t<\/header><!-- .entry-header -->\n\t\t\t\t\t\t\t<div class=\"wp-show-posts-image  wpsp-image-left \">\n\t\t\t<a href=\"https:\/\/vecchiosrl.com.ar\/index\/electrificacion-rural-el-redomon\/\"  title=\"El Redom\u00f3n\"><img loading=\"lazy\" decoding=\"async\" width=\"2309\" height=\"1732\" src=\"https:\/\/vecchiosrl.com.ar\/index\/wp-content\/uploads\/2019\/11\/2016-05-12-15.19.57.jpg\" class=\"attachment-full size-full wp-post-image\" alt=\"\" itemprop=\"image\" srcset=\"https:\/\/vecchiosrl.com.ar\/index\/wp-content\/uploads\/2019\/11\/2016-05-12-15.19.57.jpg 2309w, https:\/\/vecchiosrl.com.ar\/index\/wp-content\/uploads\/2019\/11\/2016-05-12-15.19.57-300x225.jpg 300w, https:\/\/vecchiosrl.com.ar\/index\/wp-content\/uploads\/2019\/11\/2016-05-12-15.19.57-768x576.jpg 768w, https:\/\/vecchiosrl.com.ar\/index\/wp-content\/uploads\/2019\/11\/2016-05-12-15.19.57-1024x768.jpg 1024w\" sizes=\"auto, (max-width: 2309px) 100vw, 2309px\" \/><\/a>\t\t<\/div>\n\t\t\t\t\t\t\t\t<div class=\"wp-show-posts-entry-summary\" itemprop=\"text\">\n\t\t\t\t\t\t\t<p>El objetivo de la obra consisti\u00f3 en la construcci\u00f3n de la infraestructura de fundaci\u00f3n necesaria para el sistema de provisi\u00f3n de energ\u00eda el\u00e9ctrica para \u201cEl Redom\u00f3n\u201d, zona agr\u00edcola\/ganadera cercana a&#8230;<\/p>\n\t\t\t\t\t\t<\/div><!-- .entry-summary -->\n\t\t\t\t\t<div class=\"wpsp-read-more\"><a title=\"El Redom\u00f3n\" class=\"Leer m\u00e1s\" href=\"https:\/\/vecchiosrl.com.ar\/index\/electrificacion-rural-el-redomon\/\">Leer m\u00e1s<\/a><\/div><\/div><!-- wp-show-posts-inner --><\/article><article class=\" wp-show-posts-single post-811 post type-post status-publish format-standard has-post-thumbnail hentry category-obras-ejecutadas wpsp-col-4\" itemtype=\"http:\/\/schema.org\/CreativeWork\" itemscope><div class=\"wp-show-posts-inner\" style=\"\">\t\t\t\t\t\t<header class=\"wp-show-posts-entry-header\">\n\t\t\t\t\t\t\t<h2 class=\"wp-show-posts-entry-title\" itemprop=\"headline\"><a href=\"https:\/\/vecchiosrl.com.ar\/index\/feedlot-federal\/\" rel=\"bookmark\">Feedlot Federal<\/a><\/h2>\t\t\t\t\t\t<\/header><!-- .entry-header -->\n\t\t\t\t\t\t\t<div class=\"wp-show-posts-image  wpsp-image-left \">\n\t\t\t<a href=\"https:\/\/vecchiosrl.com.ar\/index\/feedlot-federal\/\"  title=\"Feedlot Federal\"><img loading=\"lazy\" decoding=\"async\" width=\"813\" height=\"307\" src=\"https:\/\/vecchiosrl.com.ar\/index\/wp-content\/uploads\/2019\/11\/IMG_20180228_161754946-1.jpg\" class=\"attachment-full size-full wp-post-image\" alt=\"\" itemprop=\"image\" srcset=\"https:\/\/vecchiosrl.com.ar\/index\/wp-content\/uploads\/2019\/11\/IMG_20180228_161754946-1.jpg 813w, https:\/\/vecchiosrl.com.ar\/index\/wp-content\/uploads\/2019\/11\/IMG_20180228_161754946-1-300x113.jpg 300w, https:\/\/vecchiosrl.com.ar\/index\/wp-content\/uploads\/2019\/11\/IMG_20180228_161754946-1-768x290.jpg 768w\" sizes=\"auto, (max-width: 813px) 100vw, 813px\" \/><\/a>\t\t<\/div>\n\t\t\t\t\t\t\t\t<div class=\"wp-show-posts-entry-summary\" itemprop=\"text\">\n\t\t\t\t\t\t\t<p>Esta obra se bas\u00f3 principalmente en la realizaci\u00f3n de un corral de aproximadamente 6 hect\u00e1reas de superficie, en el establecimiento \u201cSanta Ana de Carpinchori\u201d en la localidad de Federal &#8211;&#8230;<\/p>\n\t\t\t\t\t\t<\/div><!-- .entry-summary -->\n\t\t\t\t\t<div class=\"wpsp-read-more\"><a title=\"Feedlot Federal\" class=\"Leer m\u00e1s\" href=\"https:\/\/vecchiosrl.com.ar\/index\/feedlot-federal\/\">Leer m\u00e1s<\/a><\/div><\/div><!-- wp-show-posts-inner --><\/article><article class=\" wp-show-posts-single post-857 post type-post status-publish format-standard has-post-thumbnail hentry category-obras-ejecutadas wpsp-col-4\" itemtype=\"http:\/\/schema.org\/CreativeWork\" itemscope><div class=\"wp-show-posts-inner\" style=\"\">\t\t\t\t\t\t<header class=\"wp-show-posts-entry-header\">\n\t\t\t\t\t\t\t<h2 class=\"wp-show-posts-entry-title\" itemprop=\"headline\"><a href=\"https:\/\/vecchiosrl.com.ar\/index\/pavimentacion-federacion\/\" rel=\"bookmark\">Pavimentaci\u00f3n Federaci\u00f3n<\/a><\/h2>\t\t\t\t\t\t<\/header><!-- .entry-header -->\n\t\t\t\t\t\t\t<div class=\"wp-show-posts-image  wpsp-image-left \">\n\t\t\t<a href=\"https:\/\/vecchiosrl.com.ar\/index\/pavimentacion-federacion\/\"  title=\"Pavimentaci\u00f3n Federaci\u00f3n\"><img loading=\"lazy\" decoding=\"async\" width=\"2560\" height=\"1920\" src=\"https:\/\/vecchiosrl.com.ar\/index\/wp-content\/uploads\/2019\/11\/DSC09207-scaled.jpg\" class=\"attachment-full size-full wp-post-image\" alt=\"\" itemprop=\"image\" srcset=\"https:\/\/vecchiosrl.com.ar\/index\/wp-content\/uploads\/2019\/11\/DSC09207-scaled.jpg 2560w, https:\/\/vecchiosrl.com.ar\/index\/wp-content\/uploads\/2019\/11\/DSC09207-300x225.jpg 300w, https:\/\/vecchiosrl.com.ar\/index\/wp-content\/uploads\/2019\/11\/DSC09207-1024x768.jpg 1024w, https:\/\/vecchiosrl.com.ar\/index\/wp-content\/uploads\/2019\/11\/DSC09207-768x576.jpg 768w, https:\/\/vecchiosrl.com.ar\/index\/wp-content\/uploads\/2019\/11\/DSC09207-1536x1152.jpg 1536w, https:\/\/vecchiosrl.com.ar\/index\/wp-content\/uploads\/2019\/11\/DSC09207-2048x1536.jpg 2048w\" sizes=\"auto, (max-width: 2560px) 100vw, 2560px\" \/><\/a>\t\t<\/div>\n\t\t\t\t\t\t\t\t<div class=\"wp-show-posts-entry-summary\" itemprop=\"text\">\n\t\t\t\t\t\t\t<p>La pavimentaci\u00f3n de la Av. Alem en la ciudad de Federaci\u00f3n &#8211; Entre R\u00edos fue una obra de gran importancia para la ciudad, ya que esta es una importante arteria&#8230;<\/p>\n\t\t\t\t\t\t<\/div><!-- .entry-summary -->\n\t\t\t\t\t<div class=\"wpsp-read-more\"><a title=\"Pavimentaci\u00f3n Federaci\u00f3n\" class=\"Leer m\u00e1s\" href=\"https:\/\/vecchiosrl.com.ar\/index\/pavimentacion-federacion\/\">Leer m\u00e1s<\/a><\/div><\/div><!-- wp-show-posts-inner --><\/article><div class=\"wpsp-clear\"><\/div><\/section><!-- .wp-show-posts -->\n","protected":false},"excerpt":{"rendered":"","protected":false},"author":1,"featured_media":0,"parent":127,"menu_order":0,"comment_status":"closed","ping_status":"closed","template":"","meta":{"_joinchat":[],"footnotes":""},"class_list":["post-655","page","type-page","status-publish","hentry"],"_links":{"self":[{"href":"https:\/\/vecchiosrl.com.ar\/index\/wp-json\/wp\/v2\/pages\/655","targetHints":{"allow":["GET"]}}],"collection":[{"href":"https:\/\/vecchiosrl.com.ar\/index\/wp-json\/wp\/v2\/pages"}],"about":[{"href":"https:\/\/vecchiosrl.com.ar\/index\/wp-json\/wp\/v2\/types\/page"}],"author":[{"embeddable":true,"href":"https:\/\/vecchiosrl.com.ar\/index\/wp-json\/wp\/v2\/users\/1"}],"replies":[{"embeddable":true,"href":"https:\/\/vecchiosrl.com.ar\/index\/wp-json\/wp\/v2\/comments?post=655"}],"version-history":[{"count":2,"href":"https:\/\/vecchiosrl.com.ar\/index\/wp-json\/wp\/v2\/pages\/655\/revisions"}],"predecessor-version":[{"id":658,"href":"https:\/\/vecchiosrl.com.ar\/index\/wp-json\/wp\/v2\/pages\/655\/revisions\/658"}],"up":[{"embeddable":true,"href":"https:\/\/vecchiosrl.com.ar\/index\/wp-json\/wp\/v2\/pages\/127"}],"wp:attachment":[{"href":"https:\/\/vecchiosrl.com.ar\/index\/wp-json\/wp\/v2\/media?parent=655"}],"curies":[{"name":"wp","href":"https:\/\/api.w.org\/{rel}","templated":true}]}}